 26. Let b = 13 + g. What is the tens digit of b?
2
Let p = 19 + 7. Suppose 0*r + 10 = 5*v - 5*r, -r = 3*v - p. What is the units digit of v?
7
Suppose -11*y + 8*y = -9. What is the units digit of 0/((-15)/y) + 36?
6
Let s = 1062 + -278. What is the hundreds digit of s?
7
Let b(s) = -s**3 + 24*s**2 + 42*s - 38. What is the units digit of b(25)?
7
Let d = 63 - 61. Suppose -d*n - 74 = -3*n. What is the units digit of n?
4
Suppose 4 = -h + 2*m, -2*h - 7 = -h + m. Let l(w) be the first derivative of -3*w**2/2 - 9*w + 1. What is the units digit of l(h)?
9
What is the tens digit of ((-191)/5 - 3)*(-70)/4?
2
Suppose -9*m = -13*m + 404. Let v = -51 + m. What is the tens digit of v?
5
Let n(q) = q**3 + q**2 - 2*q + 884. What is the tens digit of n(0)?
8
Suppose 0 = -u - h + 2185, -h + 4371 = 2*u - 0*h. What is the tens digit of u?
8
Let c(h) = 50*h**2 - 2*h - 22. Let s be c(-4). Suppose 0 = -4*l + 2*z + s, -3*l = -5*z - 405 - 174. What is the hundreds digit of l?
1
Let d = 102 - 67. Let g = d - 32. Suppose -62 = -2*r - 2*l, -g*r - 4*l + 8*l + 65 = 0. What is the units digit of r?
7
Suppose 9*n - 11*n + 6 = 0. Suppose -c + 219 = 5*w - 55, 4*c = n*w - 169. What is the units digit of w?
5
Let v(a) = -a - 3. Let p(n) = -n - 2. Let x be p(4). Let m be v(x). Suppose -o = 4*k - 28, -8*o + m*o - 52 = -4*k. What is the units digit of k?
8
Suppose a - 2504 = 5*s, -3*a - 5*s + 7560 = -4*s. What is the tens digit of a?
1
Let t(o) = o + 223. Let q be t(0). Suppose 0 = 2*k - a - 233, 0*a = 2*k - 3*a - q. What is the units digit of k?
9
Suppose -42 = -s - s. Let l = s - 14. Suppose -2*r = -l - 23. What is the tens digit of r?
1
What is the units digit of (-562)/(-4) - 10/20?
0
Suppose -5*f + 64 = 3*s, 5*s = -5*f - 18 + 88. Let o = -7 + f. What is the units digit of 10/(-6)*(o + -7)?
5
Let l(m) = 3*m + 3. Let q(x) = -2*x**2 - 1. Let w be q(1). Let g be l(w). What is the tens digit of (3/g)/(4/(-136))?
1
Suppose -2*c = 8013 + 1089. What is the hundreds digit of c/(-15) - 3/(-5)?
3
Let u(p) = -27*p + 1. Let m be u(-3). Suppose -3*a + 58 = -0*a + 5*o, 4*a + 2*o - m = 0. Let f = a - 0. What is the units digit of f?
1
Let f = 42 + -31. Let s(b) = -b**3 + 11*b**2 + 6*b + 6. What is the units digit of s(f)?
2
Let i = -113 - -73. Let v be 3/(2 - (-393)/(-201)). Let r = v + i. What is the tens digit of r?
2
Let s be 270/(4 + -5 + 2) + -4. Suppose w = -4 + s. What is the tens digit of w?
6
Let x = 27 - 63. Let f be (1 + -11)/(24/x). Let b = 64 - f. What is the units digit of b?
9
Let x(l) = 123*l. Let u(j) = 122*j + 1. Let g(h) = -2*u(h) + 3*x(h). What is the tens digit of g(1)?
2
Suppose -11*s + 5000 = 5*w - 10*s, -4*s = 2*w - 2000. What is the units digit of w?
0
Suppose 2*x - 3*i - 2 = 15, 2*x - 5*i - 19 = 0. Suppose k + 5 = 2*k. Suppose 19 = -b - 2*b + k*c, -b - c + x = 0. What is the units digit of b?
2
Suppose 0 = 15*a - 7*a - 56. Suppose -10*x = -a*x - 15. What is the units digit of x?
5
Let v(g) = -g**3 - 6*g**2 - 7. Let h be v(-6). Let j(k) = k - 6. Let o be j(h). What is the tens digit of (-2)/o + 2064/104?
2
What is the units digit of 350794/258 + -4*(-2)/6?
1
What is the units digit of 1 - (-6423)/30 - 6/60?
5
Suppose -5*w = -11*d + 14*d - 3913, -3*d - w = -3917. What is the thousands digit of d?
1
Let o(h) = -7*h - 6. Let b = -27 - -27. Suppose b = 6*u - 0*u + 12. What is the units digit of o(u)?
8
Let t(s) = 19*s - 7. Let u(q) = 9*q - 4. Let h(p) = 2*t(p) - 5*u(p). Let i be (-3 - -4) + -2 + -8. What is the units digit of h(i)?
9
Let h(v) = 2*v - 25. Let f be h(13). What is the tens digit of 36*(-4)/(-3 + f)?
7
Let y be ((-10)/60 + 1/(-3))*-10. Suppose 0 = -2*z + 3*f + 325, -y*f + 2*f - 826 = -5*z. What is the hundreds digit of z?
1
Suppose 24*a - 26*a + 18 = 0. Let p be (a + -13)/(2/(-21)). Let m = p + -19. What is the tens digit of m?
2
Let k(a) = a**2 - 8*a + 27. Let b be k(7). Let y = -79 - -131. Suppose 3*h + d - b = 0, -h - 4*h + 3*d + y = 0. What is the units digit of h?
8
Let k(i) = i**2 + 4*i - 6. Let u be k(-7). Let b = -21 + u. Let o(a) = -a - 2. What is the units digit of o(b)?
4
Suppose 3*r - 3*o + 210 = 5*r, -5*r = -3*o - 525. Suppose -5*l + 365 = -r. What is the units digit of 3/9 - l/(-6)?
6
Suppose -1 + 11 = -5*g. Let x(p) = -3*p - 2. Let y be x(g). Suppose 2*z = 8 - y, 0 = 5*q + z - 182. What is the tens digit of q?
3
Let b(d) = -d**3 + d**2 + 375. Let z be b(0). Suppose -8*f = -5*f - z. What is the hundreds digit of f?
1
Suppose -2*s = 0, 2 = -f + 3*s - 4. Suppose 0 = -2*r + 3*n + 1 - 6, -3*n + 35 = 4*r. What is the units digit of f/15 - (-12)/r?
2
Let g be 3/((-13)/(-4) - 4). Let m be g/(-12) + (-2)/6. Suppose m = 3*y - 3 - 36. What is the units digit of y?
3
Let l = -47 - 116. Let d = -73 - l. What is the tens digit of d?
9
Suppose -882 = -18*g - 0*g. What is the units digit of g?
9
Suppose -6*a - 2*f = -2*a - 5630, -5*a = f - 7042. What is the tens digit of a?
0
What is the units digit of (-7173)/(-25) - 6/(-75)?
7
Suppose -41*j + 33*j + 3088 = 0. What is the tens digit of j?
8
Suppose -22*m - 4*m + 10946 = 0. What is the tens digit of m?
2
Let i = 590 + -612. Let w(s) = -s**2 + 34. Let m be w(0). Let l = i + m. What is the units digit of l?
2
Let a = -14 - -1459. What is the tens digit of a?
4
Suppose -11 = -4*y + 9. Suppose y*p - 4*p = 7. What is the units digit of (-2)/(-7) + 12/p?
2
Suppose -4*v + 5839 + 5499 = 2*m, 2*m + 2827 = v. What is the tens digit of v?
3
Suppose -2*f = -3*c + 4*c, 2*c - 12 = 2*f. Let z be c/1*-1 - -184. Suppose 16 - z = -2*g. What is the units digit of g?
2
Let r = 46 - 97. Let u = r + 99. What is the units digit of u?
8
Let v(w) = -32*w + 11. Suppose -11*i - 108 = i. What is the units digit of v(i)?
9
Suppose 0 = 3*s - 301 + 115. Suppose -2*x = 3*z - 5*z - s, x = 3*z + 31. What is the units digit of x?
1
Let l be (-9)/4*40/(-2). What is the tens digit of 6214/18 + (-10)/l?
4
Let z = 352 - 251. What is the tens digit of z?
0
Let n be 4/(4 + -2) - -28. Let v = 76 + -26. Let u = v - n. What is the units digit of u?
0
Suppose 0*v + 20 = 4*v, -3*y - 5*v = -49. Let w(t) = 5*t + 32. What is the tens digit of w(y)?
7
Let y be (-6)/(-21)*(-2)/(-3)*21. Suppose -351 = -y*i - 0*q + q, i - 78 = -3*q. What is the units digit of i?
7
Let c = 43 - -96. Let i = c - 45. What is the units digit of i?
4
Let f(c) = 33*c + 859. What is the tens digit of f(7)?
9
What is the thousands digit of 0 + -10 + 3087 + -49?
3
Suppose -2*y + 11 = 1. Suppose -7*v + 6 = -y*v. What is the units digit of (243/v)/((-6)/(-4))?
4
Let y be 1/((-628)/(-156) + -4). Let u = -27 + y. What is the tens digit of u?
1
Let w(a) = 2*a**2 - 22*a - 68. What is the hundreds digit of w(-38)?
6
Let i = 79 + -78. Suppose -i - 202 = -j. What is the units digit of j?
3
Let l(s) = 14*s**2 + 6*s - 22. What is the tens digit of l(-5)?
9
Suppose -6*g - 15330 = -20*g. What is the thousands digit of g?
1
Suppose -15*r = -7*r - 1632. What is the tens digit of r?
0
Let n be 5 - (0 - (4 - 4)). Suppose -n*s + 10 + 0 = 0. Suppose 3*r + 0*r - 50 = -4*x, -s*x - 2 = 0. What is the tens digit of r?
1
Let b be 9*5/((-15)/2). Let j(a) = a**3 + 6*a**2 - a. What is the units digit of j(b)?
6
Let g(r) be the third derivative of r**5/15 + 5*r**4/24 + 2*r**3/3 + 4*r**2. Let i be g(-3). Suppose 13 = x - i. What is the tens digit of x?
3
Suppose -f + 3 = 2, -3*j = -3*f - 27. Suppose 0 = -h + 4*b - j, -2*b + 6 + 2 = h. Suppose -h*t + 60 = t. What is the units digit of t?
0
Let c = 482 + -121. What is the hundreds digit of c?
3
Let o(v) = -4*v**3 - 2*v**2 - v. What is the tens digit of o(-3)?
9
Suppose 34*b - 2*b = 7520. What is the units digit of b?
5
Suppose -2*d + 8 - 4 = 0. Let x = d + 6. What is the units digit of x?
8
Let t(s) = -2*s**2 - 3*s**3 + 26 + 2*s**3 + 18*s**2 - 17*s**2. Let m be 1/(-2)*(-1 - -1). What is the tens digit of t(m)?
2
Let r = -776 + 1009. What is the tens digit of r?
3
Suppose 3*u = -12*u + 3255. What is the tens digit of u?
1
Let x(b) = 6*b - 14. Let l be 45/(-3)*(-4)/5. What is the units digit of x(l)?
8
Suppose 14 = 6*u - 8*u. Let j(p) = -6*p - 11. What is the tens digit of j(u)?
3
Suppose -7*w = -2*w. Let l be (0/3 - w)/(-2). Suppose 93 = 3*d - l*m - 3*m, -5*d + 137 = 4*m. What is the tens digit of d?
2
Let s(l) = -l**2 + 8*l + 3. Suppose 5*y - 3*p - 45 = 0, -4*